s the remainder when 12628 is divided by 10?
8
Calculate the remainder when 1366 is divided by 76.
74
Calculate the remainder when 928 is divided by 190.
168
Calculate the remainder when 8279 is divided by 180.
179
What is the remainder when 513 is divided by 105?
93
What is the remainder when 268 is divided by 90?
88
Calculate the remainder when 156 is divided by 33.
24
What is the remainder when 162 is divided by 52?
6
What is the remainder when 86 is divided by 17?
1
What is the remainder when 306 is divided by 52?
46
What is the remainder when 198 is divided by 46?
14
Calculate the remainder when 566 is divided by 133.
34
Calculate the remainder when 248 is divided by 87.
74
What is the remainder when 7173 is divided by 138?
135
Calculate the remainder when 745 is divided by 47.
40
What is the remainder when 76 is divided by 17?
8
What is the remainder when 149 is divided by 25?
24
Calculate the remainder when 2053 is divided by 8.
5
What is the remainder when 1178 is divided by 381?
35
Calculate the remainder when 68 is divided by 25.
18
Calculate the remainder when 538 is divided by 22.
10
Calculate the remainder when 75 is divided by 28.
19
Calculate the remainder when 445 is divided by 75.
70
What is the remainder when 1404 is divided by 115?
24
Calculate the remainder when 993 is divided by 21.
6
Calculate the remainder when 6496 is divided by 13.
9
Calculate the remainder when 2212 is divided by 25.
12
Calculate the remainder when 190 is divided by 31.
4
What is the remainder when 95 is divided by 21?
11
Calculate the remainder when 3512 is divided by 49.
33
Calculate the remainder when 273 is divided by 139.
134
What is the remainder when 211 is divided by 33?
13
Calculate the remainder when 275 is divided by 46.
45
What is the remainder when 135 is divided by 61?
13
Calculate the remainder when 1590 is divided by 1584.
6
Calculate the remainder when 8015 is divided by 12.
11
Calculate the remainder when 38 is divided by 25.
13
Calculate the remainder when 7541 is divided by 19.
17
Calculate the remainder when 298 is divided by 13.
12
What is the remainder when 49 is divided by 26?
23
What is the remainder when 83 is divided by 32?
19
What is the remainder when 1808 is divided by 601?
5
What is the remainder when 329 is divided by 328?
1
Calculate the remainder when 475 is divided by 181.
113
Calculate the remainder when 129 is divided by 117.
12
What is the remainder when 788 is divided by 9?
5
What is the remainder when 177 is divided by 99?
78
What is the remainder when 599 is divided by 159?
122
What is the remainder when 1503 is divided by 18?
9
What is the remainder when 376 is divided by 29?
28
Calculate the remainder when 194 is divided by 67.
60
What is the remainder when 338 is divided by 90?
68
Calculate the remainder when 297 is divided by 31.
18
Calculate the remainder when 93 is divided by 32.
29
What is the remainder when 1798 is divided by 24?
22
What is the remainder when 426 is divided by 61?
60
Calculate the remainder when 119 is divided by 15.
14
Calculate the remainder when 357 is divided by 126.
105
Calculate the remainder when 245 is divided by 42.
35
What is the remainder when 356 is divided by 13?
5
What is the remainder when 12439 is divided by 17?
12
Calculate the remainder when 1277 is divided by 142.
141
Calculate the remainder when 753 is divided by 21.
18
Calculate the remainder when 647 is divided by 41.
32
Calculate the remainder when 65 is divided by 14.
9
What is the remainder when 1113 is divided by 484?
145
What is the remainder when 8 is divided by 1?
0
Calculate the remainder when 797 is divided by 40.
37
What is the remainder when 464 is divided by 162?
140
Calculate the remainder when 37 is divided by 7.
2
Calculate the remainder when 86 is divided by 25.
11
Calculate the remainder when 879 is divided by 225.
204
What is the remainder when 46869 is divided by 18?
15
Calculate the remainder when 54 is divided by 24.
6
What is the remainder when 3540 is divided by 11?
9
Calculate the remainder when 679 is divided by 12.
7
Calculate the remainder when 133 is divided by 126.
7
Calculate the remainder when 150 is divided by 119.
31
What is the remainder when 122 is divided by 44?
34
Calculate the remainder when 1870 is divided by 59.
41
What is the remainder when 403 is divided by 100?
3
What is the remainder when 367 is divided by 76?
63
What is the remainder when 375 is divided by 264?
111
What is the remainder when 508 is divided by 88?
68
What is the remainder when 418 is divided by 82?
8
What is the remainder when 773 is divided by 377?
19
What is the remainder when 79 is divided by 58?
21
What is the remainder when 128 is divided by 5?
3
What is the remainder when 296 is divided by 19?
11
Calculate the remainder when 769 is divided by 5.
4
What is the remainder when 48 is divided by 27?
21
Calculate the remainder when 2888 is divided by 14.
4
Calculate the remainder when 1470 is divided by 114.
102
Calculate the remainder when 1960 is divided by 84.
28
What is the remainder when 1940 is divided by 81?
77
Calculate the remainder when 210 is divided by 12.
6
Calculate the remainder when 1399 is divided by 140.
139
What is the remainder when 5850 is divided by 77?
75
Calculate the remainder when 439 is divided by 49.
47
Calculate the remainder when 188 is divided by 91.
6
Calculate the remainder when 2035 is divided by 403.
20
Calculate the remainder when 773 is divided by 68.
25
Calculate the remainder when 5111 is divided by 12.
11
What is the remainder when 1038 is divided by 264?
246
Calculate the remainder when 1353 is divided by 22.
11
Calculate the remainder when 638 is divided by 81.
71
Calculate the remainder when 56 is divided by 22.
12
What is the remainder when 154 is divided by 13?
11
Calculate the remainder when 1088 is divided by 182.
178
What is the remainder when 67 is divided by 23?
21
Calculate the remainder when 1573 is divided by 48.
37
What is the remainder when 1698 is divided by 20?
18
What is the remainder when 709 is divided by 235?
4
Calculate the remainder when 311 is divided by 18.
5
What is the remainder when 114 is divided by 18?
6
Calculate the remainder when 70 is divided by 44.
26
What is the remainder when 47 is divided by 31?
16
What is the remainder when 1579 is divided by 399?
382
What is the remainder when 1684 is divided by 212?
200
What is the remainder when 1426 is divided by 42?
40
What is the remainder when 102 is divided by 40?
22
What is the remainder when 2300 is divided by 288?
284
What is the remainder when 3100 is divided by 14?
6
What is the remainder when 798 is divided by 10?
8
What is the remainder when 2344 is divided by 94?
88
What is the remainder when 434 is divided by 83?
19
Calculate the remainder when 170 is divided by 18.
8
Calculate the remainder when 234 is divided by 50.
34
What is the remainder when 1967 is divided by 164?
163
What is the remainder when 240 is divided by 139?
101
Calculate the remainder when 269 is divided by 103.
63
What is the remainder when 28 is divided by 11?
6
What is the remainder when 216 is divided by 55?
51
Calculate the remainder when 210 is divided by 31.
24
What is the remainder when 12 is divided by 8?
4
Calculate the remainder when 48 is divided by 7.
6
Calculate the remainder when 9 is divided by 1.
0
Calculate the remainder when 350 is divided by 11.
9
Calculate the remainder when 691 is divided by 172.
3
What is the remainder when 18963 is divided by 22?
21
Calculate the remainder when 820 is divided by 16.
4
Calculate the remainder when 708 is divided by 46.
18
Calculate the remainder when 125 is divided by 10.
5
Calculate the remainder when 2841 is divided by 33.
3
Calculate the remainder when 90 is divided by 87.
3
Calculate the remainder when 326 is divided by 85.
71
Calculate the remainder when 6898 is divided by 44.
34
What is the remainder when 88 is divided by 13?
10
What is the remainder when 235 is divided by 68?
31
What is the remainder when 1764 is divided by 26?
22
What is the remainder when 148 is divided by 76?
72
What is the remainder when 1331 is divided by 133?
1
What is the remainder when 4625 is divided by 178?
175
Calculate the remainder when 808 is divided by 3.
1
What